{"id":6,"date":"2023-01-06T06:51:04","date_gmt":"2023-01-06T06:51:04","guid":{"rendered":"https:\/\/laubwiese.de\/?page_id=6"},"modified":"2026-01-04T12:58:18","modified_gmt":"2026-01-04T12:58:18","slug":"familienforschung-buerstadt","status":"publish","type":"page","link":"https:\/\/laubwiese.de\/","title":{"rendered":"Familienforschung B\u00fcrstadt"},"content":{"rendered":"\n<p>Ich erforsche die Geschichte von Familien in und aus B\u00fcrstadt einschlie\u00dflich Riedrode und Boxheimerhof.<\/p>\n\n\n\n<p>F\u00fcr Fragen zu meinem Forschungsgebiet erreichen Sie mich unter info(at)laubwiese.de.<\/p>\n\n\n\n<p>Andreas Wolter (2026)<\/p>\n","protected":false},"excerpt":{"rendered":"<p>Ich erforsche die Geschichte von Familien in und aus B\u00fcrstadt einschlie\u00dflich Riedrode und Boxheimerhof. F\u00fcr Fragen zu meinem Forschungsgebiet erreichen Sie mich unter info(at)laubwiese.de. Andreas Wolter (2026)<\/p>\n","protected":false},"author":1,"featured_media":0,"parent":0,"menu_order":0,"comment_status":"closed","ping_status":"closed","template":"page-templates\/full-width.php","meta":{"footnotes":""},"class_list":["post-6","page","type-page","status-publish","h-entry","hentry","h-as-page"],"_links":{"self":[{"href":"https:\/\/laubwiese.de\/index.php?rest_route=\/wp\/v2\/pages\/6","targetHints":{"allow":["GET"]}}],"collection":[{"href":"https:\/\/laubwiese.de\/index.php?rest_route=\/wp\/v2\/pages"}],"about":[{"href":"https:\/\/laubwiese.de\/index.php?rest_route=\/wp\/v2\/types\/page"}],"author":[{"embeddable":true,"href":"https:\/\/laubwiese.de\/index.php?rest_route=\/wp\/v2\/users\/1"}],"replies":[{"embeddable":true,"href":"https:\/\/laubwiese.de\/index.php?rest_route=%2Fwp%2Fv2%2Fcomments&post=6"}],"version-history":[{"count":8,"href":"https:\/\/laubwiese.de\/index.php?rest_route=\/wp\/v2\/pages\/6\/revisions"}],"predecessor-version":[{"id":49,"href":"https:\/\/laubwiese.de\/index.php?rest_route=\/wp\/v2\/pages\/6\/revisions\/49"}],"wp:attachment":[{"href":"https:\/\/laubwiese.de\/index.php?rest_route=%2Fwp%2Fv2%2Fmedia&parent=6"}],"curies":[{"name":"wp","href":"https:\/\/api.w.org\/{rel}","templated":true}]}}